posite number?
True
Is 686353 prime?
True
Is 3305 a prime number?
False
Is 20327 a prime number?
True
Is 110083 composite?
False
Is 17291 a composite number?
False
Is 146155 a composite number?
True
Is 9791 a prime number?
True
Is 124401 a prime number?
False
Is 485989 a prime number?
False
Is 23927 a prime number?
False
Is 146351 composite?
True
Is 15019 prime?
False
Is 216593 prime?
False
Is 2053 a prime number?
True
Is 148945 composite?
True
Is 472127 composite?
False
Is 4289 composite?
False
Is 333633 a prime number?
False
Is 156511 a prime number?
True
Is 112823 composite?
True
Is 230423 prime?
False
Is 57037 composite?
False
Is 48353 composite?
False
Is 49331 a composite number?
False
Is 110177 composite?
True
Is 2201 composite?
True
Is 7639 composite?
False
Is 30713 prime?
True
Is 184597 a prime number?
False
Is 443983 prime?
True
Is 599251 a prime number?
True
Is 77939 prime?
False
Is 922043 composite?
False
Is 5155 a prime number?
False
Is 614247 a composite number?
True
Is 3265 prime?
False
Is 169057 composite?
True
Is 937351 a prime number?
True
Is 753569 prime?
True
Is 3259 prime?
True
Is 28021 a prime number?
False
Is 83701 a prime number?
True
Is 35201 prime?
True
Is 76147 prime?
True
Is 12577 a prime number?
True
Is 312929 composite?
False
Is 1243 composite?
True
Is 136943 a composite number?
False
Is 34141 a prime number?
True
Is 987713 prime?
True
Is 4853 a prime number?
False
Is 13291 prime?
True
Is 871789 prime?
True
Is 88994 prime?
False
Is 773767 prime?
True
Is 49034 composite?
True
Is 3557 composite?
False
Is 1069 composite?
False
Is 18617 a composite number?
False
Is 199591 prime?
False
Is 1278053 prime?
False
Is 17539 prime?
True
Is 3883 a prime number?
False
Is 3831877 a composite number?
True
Is 287669 a prime number?
True
Is 7195 composite?
True
Is 975994 a prime number?
False
Is 413263 composite?
False
Is 255173 a composite number?
False
Is 41467 composite?
False
Is 674209 prime?
False
Is 778951 a prime number?
True
Is 1547099 composite?
True
Is 35969 prime?
True
Is 5279 a prime number?
True
Is 454577 prime?
True
Is 711377 a composite number?
True
Is 3073 prime?
False
Is 79307 composite?
True
Is 57633 a composite number?
True
Is 13253 a prime number?
False
Is 37199 prime?
True
Is 174917 a composite number?
False
Is 111883 a composite number?
True
Is 1623 a composite number?
True
Is 965543 a prime number?
False
Is 241771 prime?
True
Is 10807 composite?
True
Is 3456971 a prime number?
False
Is 229101 a prime number?
False
Is 2204219 prime?
False
Is 1612855 composite?
True
Is 438351 a composite number?
True
Is 427503 composite?
True
Is 43693 a composite number?
True
Is 22097 a composite number?
True
Is 22853 a composite number?
False
Is 1608305 a prime number?
False
Is 36485 a composite number?
True
Is 270859 composite?
False
Is 7121 composite?
False
Is 586511 a composite number?
True
Is 4884739 prime?
True
Is 10133 a prime number?
True
Is 650915 a prime number?
False
Is 35591 prime?
True
Is 195205 prime?
False
Is 433723 composite?
False
Is 253 composite?
True
Is 132485 prime?
False
Is 4561 composite?
False
Is 19811 prime?
False
Is 3097 a composite number?
True
Is 2741 composite?
False
Is 34886 a composite number?
True
Is 190121 a composite number?
False
Is 263111 a composite number?
False
Is 747239 a prime number?
True
Is 345937 prime?
True
Is 341 prime?
False
Is 463597 prime?
False
Is 60017 composite?
False
Is 519797 a composite number?
False
Is 220739 prime?
False
Is 9589 prime?
False
Is 73813 prime?
False
Is 678611 composite?
False
Is 53189 prime?
True
Is 574501 composite?
False
Is 64151 composite?
False
Is 14793 prime?
False
Is 4391 a composite number?
False
Is 8887 prime?
True
Is 235699 a prime number?
True
Is 16841 prime?
False
Is 3271 a prime number?
True
Is 14783 prime?
True
Is 21551 prime?
False
Is 1071299 prime?
False
Is 123427 a composite number?
False
Is 212551 a prime number?
False
Is 96137 a composite number?
False
Is 12898 a composite number?
True
Is 8689 prime?
True
Is 2393 composite?
False
Is 311667 prime?
False
Is 5519 a composite number?
False
Is 7039 a composite number?
False
Is 7699 a prime number?
True
Is 6629 a composite number?
True
Is 1243 a prime number?
False
Is 9677 prime?
True
Is 5079 prime?
False
Is 8509 composite?
True
Is 241229 prime?
True
Is 693019 a composite number?
False
Is 69413 prime?
False
Is 77437 a composite number?
True
Is 7807 a prime number?
False
Is 14941 composite?
True
Is 7177 composite?
False
Is 145387 a prime number?
False
Is 589579 a prime number?
True
Is 7009 composite?
True
Is 137767 a prime number?
False
Is 150427 composite?
False
Is 193937 prime?
True
Is 8999 composite?
False
Is 89035 prime?
False
Is 895631 a prime number?
False
Is 12359 a composite number?
True
Is 7621 a composite number?
False
Is 11863 composite?
False
Is 629 prime?
False
Is 84541 a prime number?
False
Is 1151 prime?
True
Is 28361 a composite number?
True
Is 113389 a prime number?
False
Is 99839 a prime number?
True
Is 35507 a composite number?
False
Is 5227 a prime number?
True
Is 133253 a prime number?
True
Is 6521 composite?
False
Is 702869 a prime number?
True
Is 53759 a composite number?
False
Is 2906 a prime number?
False
Is 15109 a prime number?
False
Is 133181 a prime number?
False
Is 700751 prime?
True
Is 4493 a prime number?
True
Is 1511078 a prime number?
False
Is 42551 prime?
False
Is 236909 composite?
False
Is 389581 prime?
False
Is 71779 a composite number?
True
Is 2285597 a composite number?
False
Is 210695 a composite number?
True
Is 10637 a prime number?
False
Is 83203 a prime number?
True
Is 213067 composite?
False
Is 154577 composite?
True
Is 88082 a composite number?
True
Is 345167 prime?
False
Is 58657 a prime number?
True
Is 54381 a prime number?
False
Is 143893 a composite number?
True
Is 901 a composite number?
True
Is 3553321 composite?
False
Is 29779 a composite number?
True
Is 17011 prime?
True
Is 16733 composite?
True
Is 31741 a prime number?
True
Is 249563 composite?
False
Is 28493 composite?
False
Is 9791 composite?
False
Is 33643 prime?
False
Is 123991 a prime number?
False
Is 56707 prime?
False
Is 295 a prime number?
False
Is 538621 a composite number?
False
Is 48563 prime?
True
Is 4751 prime?
True
Is 147905 a prime number?
False
Is 1052797 composite?
False
Is 10913 a composite number?
True
Is 877 prime?
True
Is 95345 a prime number?
False
Is 526 composite?
True
Is 63871 a composite number?
True
Is 7726497 composite?
True
Is 4649 a prime number?
True
Is 48163 a composite number?
False
Is 28777 prime?
False
Is 327839 a prime number?
True
Is 1586543 composite?
True
Is 17077 composite?
False
Is 93563 a prime number?
True
Is 387859 prime?
False
Is 24763 prime?
True
Is 35419 prime?
True
Is 308761 a composite number?
False
Is 7386073 a composite number?
False
Is 10033 composite?
True
Is 33047 prime?
False
Is 3161 prime?
False
Is 749543 composite?
False
Is 16619 a prime number?
True
Is 1505991 composite?
True
Is 587 composite?
False
Is 7483 prime?
False
Is 39581 prime?
True
Is 680741 composite?
True
Is 853031 composite?
False
Is 20302 a prime number?
False
Is 31561 prime?
False
Is 99919 prime?
False
Is 142261 composite?
True
Is 32909 a prime number?
True
Is 184373 composite?
True
Is 80309 a composite number?
False
Is 10555 prime?
False
Is 196271 a prime number?
True
Is 533101 composite?
True
Is 9853 a prime number?
False
Is 1671193 a composite number?
True
Is 6036713 composite?
False
Is 9127 a composite number?
False
Is 49757 a prime number?
True
Is 27011 a composite number?
False
Is 207637 a composite number?
True
Is 2159 a prime number?
False
Is 419 a prime number?
True
Is 4571 prime?
False
Is 541 a prime number?
True
Is 265479 prime?
False
Is 232055 prime?
False
Is 326545 a prime number?
False
Is 159235 prime?
False
Is 156659 composite?
False
Is 19897 prime?
False
Is 29613 a prime number?
False
Is 7507 composite?
False
Is 95509 a prime number?
False
Is 12139 a prime number?
False
Is 205001 a prime number?
False
Is 17417 a prime number?
True
Is 365059 a composite number?
True
Is 3047861 a prime number?
True
Is 297487 prime?
True
Is 20931 a prime number?
False
Is 710501 composite?
True
Is 1633 composite?
True
Is 1710997 a prime number?
True
Is 5369345 a composite nu